alculate the remainder when 11546 is divided by 268.
22
Calculate the remainder when 34950 is divided by 224.
6
Calculate the remainder when 3034150 is divided by 594.
592
What is the remainder when 40694 is divided by 133?
129
Calculate the remainder when 69538 is divided by 84.
70
Calculate the remainder when 23357 is divided by 27.
2
Calculate the remainder when 1495 is divided by 32.
23
What is the remainder when 64540 is divided by 3?
1
What is the remainder when 68699 is divided by 34341?
17
Calculate the remainder when 2099087 is divided by 216.
215
What is the remainder when 22191 is divided by 1847?
27
Calculate the remainder when 53530 is divided by 1621.
37
Calculate the remainder when 43662 is divided by 40.
22
What is the remainder when 206375 is divided by 68?
63
What is the remainder when 90642 is divided by 68?
66
Calculate the remainder when 52480 is divided by 128.
0
Calculate the remainder when 304 is divided by 155.
149
What is the remainder when 1345 is divided by 187?
36
What is the remainder when 730 is divided by 351?
28
Calculate the remainder when 1381 is divided by 190.
51
What is the remainder when 1256308 is divided by 891?
889
What is the remainder when 718 is divided by 139?
23
What is the remainder when 151236 is divided by 95?
91
Calculate the remainder when 59560 is divided by 27.
25
What is the remainder when 150230 is divided by 511?
507
Calculate the remainder when 9975 is divided by 50.
25
What is the remainder when 65539 is divided by 145?
144
Calculate the remainder when 40047 is divided by 381.
42
Calculate the remainder when 840768 is divided by 199.
192
Calculate the remainder when 19540 is divided by 984.
844
Calculate the remainder when 64259 is divided by 821.
221
Calculate the remainder when 7666 is divided by 7654.
12
Calculate the remainder when 346389 is divided by 566.
563
What is the remainder when 1436 is divided by 105?
71
What is the remainder when 67269 is divided by 33?
15
What is the remainder when 105059 is divided by 2562?
17
What is the remainder when 19436 is divided by 4854?
20
What is the remainder when 3376 is divided by 1675?
26
Calculate the remainder when 165345 is divided by 22.
15
Calculate the remainder when 10999 is divided by 680.
119
Calculate the remainder when 28077 is divided by 78.
75
Calculate the remainder when 858935 is divided by 78084.
11
What is the remainder when 266156 is divided by 60?
56
Calculate the remainder when 46271 is divided by 75.
71
Calculate the remainder when 34991 is divided by 18.
17
What is the remainder when 23516 is divided by 37?
21
Calculate the remainder when 39791 is divided by 44.
15
What is the remainder when 14071 is divided by 998?
99
What is the remainder when 7236 is divided by 23?
14
Calculate the remainder when 871 is divided by 118.
45
Calculate the remainder when 61486 is divided by 84.
82
What is the remainder when 4426 is divided by 1449?
79
Calculate the remainder when 445 is divided by 31.
11
What is the remainder when 947 is divided by 240?
227
What is the remainder when 13665 is divided by 68?
65
What is the remainder when 2854 is divided by 72?
46
What is the remainder when 399173 is divided by 1217?
1214
Calculate the remainder when 46574 is divided by 1194.
8
Calculate the remainder when 4597 is divided by 371.
145
What is the remainder when 214680 is divided by 46?
44
What is the remainder when 22568 is divided by 7514?
26
Calculate the remainder when 107796 is divided by 787.
764
What is the remainder when 28902 is divided by 4529?
1728
What is the remainder when 281882 is divided by 405?
2
Calculate the remainder when 69863 is divided by 34928.
7
Calculate the remainder when 151484 is divided by 73.
9
What is the remainder when 1117 is divided by 333?
118
What is the remainder when 756822 is divided by 18?
12
What is the remainder when 37841 is divided by 37737?
104
What is the remainder when 2078 is divided by 1848?
230
Calculate the remainder when 9382 is divided by 4332.
718
What is the remainder when 2720 is divided by 664?
64
What is the remainder when 53734 is divided by 109?
106
What is the remainder when 219282 is divided by 1246?
1232
Calculate the remainder when 16568 is divided by 1003.
520
What is the remainder when 8342 is divided by 26?
22
Calculate the remainder when 130161 is divided by 11.
9
Calculate the remainder when 20956 is divided by 38.
18
Calculate the remainder when 3494 is divided by 70.
64
Calculate the remainder when 2420 is divided by 711.
287
Calculate the remainder when 563 is divided by 472.
91
Calculate the remainder when 5116 is divided by 150.
16
Calculate the remainder when 1570 is divided by 414.
328
What is the remainder when 14686 is divided by 7342?
2
Calculate the remainder when 22691 is divided by 1110.
491
Calculate the remainder when 405363 is divided by 605.
13
Calculate the remainder when 4132 is divided by 2017.
98
Calculate the remainder when 1594373 is divided by 4466.
11
Calculate the remainder when 197427 is divided by 237.
6
What is the remainder when 20326 is divided by 121?
119
Calculate the remainder when 13151 is divided by 2189.
17
What is the remainder when 591 is divided by 577?
14
What is the remainder when 4722 is divided by 2340?
42
Calculate the remainder when 251 is divided by 53.
39
Calculate the remainder when 6103 is divided by 71.
68
Calculate the remainder when 122383 is divided by 282.
277
What is the remainder when 880 is divided by 264?
88
What is the remainder when 9796 is divided by 426?
424
What is the remainder when 4943726 is divided by 2321?
2317
Calculate the remainder when 141689 is divided by 220.
9
What is the remainder when 4466 is divided by 493?
29
What is the remainder when 7515 is divided by 80?
75
Calculate the remainder when 3204 is divided by 1417.
370
Calculate the remainder when 4455 is divided by 4061.
394
Calculate the remainder when 1303146 is divided by 4.
2
What is the remainder when 1150 is divided by 379?
13
What is the remainder when 2191 is divided by 1078?
35
What is the remainder when 280717 is divided by 32?
13
What is the remainder when 11537 is divided by 34?
11
What is the remainder when 3394 is divided by 5?
4
Calculate the remainder when 3137 is divided by 144.
113
Calculate the remainder when 13331 is divided by 371.
346
Calculate the remainder when 7741 is divided by 1239.
307
What is the remainder when 11832 is divided by 1048?
304
What is the remainder when 19708 is divided by 159?
151
What is the remainder when 23057 is divided by 65?
47
What is the remainder when 11839 is divided by 3946?
1
Calculate the remainder when 89034 is divided by 139.
74
Calculate the remainder when 216805 is divided by 30972.
1
Calculate the remainder when 22822 is divided by 542.
58
Calculate the remainder when 57390 is divided by 4.
2
Calculate the remainder when 60407 is divided by 32.
23
What is the remainder when 34921 is divided by 127?
123
Calculate the remainder when 8370 is divided by 4125.
120
Calculate the remainder when 965 is divided by 17.
13
What is the remainder when 33131 is divided by 33094?
37
Calculate the remainder when 48508 is divided by 433.
12
Calculate the remainder when 10030 is divided by 2119.
1554
Calculate the remainder when 14659 is divided by 156.
151
What is the remainder when 38659 is divided by 5522?
5
What is the remainder when 5003 is divided by 340?
243
What is the remainder when 8212 is divided by 4100?
12
What is the remainder when 34081 is divided by 7?
5
What is the remainder when 1252 is divided by 29?
5
Calculate the remainder when 25791 is divided by 12848.
95
Calculate the remainder when 12339 is divided by 287.
285
What is the remainder when 291212 is divided by 61?
59
Calculate the remainder when 301 is divided by 50.
1
What is the remainder when 130878 is divided by 3116?
6
Calculate the remainder when 205141 is divided by 17095.
1
What is the remainder when 61977 is divided by 17?
12
What is the remainder when 11355 is divided by 83?
67
Calculate the remainder when 7972 is divided by 5848.
2124
Calculate the remainder when 384 is divided by 177.
30
What is the remainder when 20405319 is divided by 260?
259
Calculate the remainder when 1473026 is divided by 491004.
14
Ca